{"id":2,"date":"2018-01-09T20:02:11","date_gmt":"2018-01-09T20:02:11","guid":{"rendered":"http:\/\/www.breizhcloud.fr\/?page_id=2"},"modified":"2025-07-13T03:31:07","modified_gmt":"2025-07-13T03:31:07","slug":"home","status":"publish","type":"page","link":"https:\/\/safeo-bretagne.fr\/","title":{"rendered":"home"},"content":{"rendered":"<div class=\"wpb-content-wrapper\">[mk_page_section bg_image=\u00a0\u00bbhttp:\/\/www.breizhcloud.fr\/wp-content\/uploads\/2018\/01\/bretagne_phare.jpg\u00a0\u00bb blend_mode=\u00a0\u00bbscreen\u00a0\u00bb bg_position=\u00a0\u00bbcenter center\u00a0\u00bb bg_repeat=\u00a0\u00bbno-repeat\u00a0\u00bb bg_stretch=\u00a0\u00bbtrue\u00a0\u00bb adaptive_height=\u00a0\u00bbtrue\u00a0\u00bb overflow=\u00a0\u00bbtrue\u00a0\u00bb max_height=\u00a0\u00bb400&Prime; min_height=\u00a0\u00bb60&Prime; full_width=\u00a0\u00bbtrue\u00a0\u00bb has_top_shape_divider=\u00a0\u00bbtrue\u00a0\u00bb top_shape_style=\u00a0\u00bbcurve-top\u00a0\u00bb top_shape_color=\u00a0\u00bb\u00a0\u00bb bottom_shape_style=\u00a0\u00bbjagged-rounded-bottom\u00a0\u00bb bottom_shape_color=\u00a0\u00bb#1e73be\u00a0\u00bb sidebar=\u00a0\u00bbsidebar-1&Prime;][vc_column][\/vc_column][\/mk_page_section][vc_row id=\u00a0\u00bboffre\u00a0\u00bb][vc_column][mk_fancy_title tag_name=\u00a0\u00bbh1&Prime; color=\u00a0\u00bb#1e73be\u00a0\u00bb size=\u00a0\u00bb45&Prime; force_font_size=\u00a0\u00bbtrue\u00a0\u00bb size_smallscreen=\u00a0\u00bb40&Prime; size_tablet=\u00a0\u00bb30&Prime; size_phone=\u00a0\u00bb30&Prime; font_weight=\u00a0\u00bb400&Prime; margin_top=\u00a0\u00bb20&Prime; font_family=\u00a0\u00bbUbuntu\u00a0\u00bb font_type=\u00a0\u00bbgoogle\u00a0\u00bb align=\u00a0\u00bbcenter\u00a0\u00bb]<span style=\"color: #1e73be;\">Votre h\u00e9bergement s\u00e9curis\u00e9 en Bretagne<\/span>[\/mk_fancy_title][vc_column_text css=\u00a0\u00bb.vc_custom_1752377456632{margin-bottom: 0px !important;}\u00a0\u00bb]\n<p style=\"text-align: justify;\">Safeo Bretagne propose un service d&rsquo;h\u00e9bergement de donn\u00e9es. Il met \u00e0 disposition ses infrastructures compl\u00e8tes et hautement s\u00e9curis\u00e9es!<\/p>\n<p style=\"text-align: justify;\">Cette solution propose la prise en charge par nos \u00e9quipes des aspects purement techniques tel que la virtualisation, le mat\u00e9riel, le stockage, les sauvegardes, la s\u00e9curit\u00e9, la supervision&#8230;<br \/>\nNos clients appr\u00e9cient de ne prendre en charge que les applications, leur utilisation et int\u00e9gration au sein de l\u2019interface.<br \/>\nIls savent que la solution permettra d&rsquo;adapter leurs investissements \u00e0 l&rsquo;\u00e9lasticit\u00e9 de leurs besoins.<\/p>\n<p style=\"text-align: justify;\">Vous appr\u00e9cierez :<\/p>\n<ul style=\"text-align: justify;\">\n<li>de voir enfin vos donn\u00e9es\u00a0fortement s\u00e9curis\u00e9es<\/li>\n<li>de voir\u00a0vos d\u00e9penses d\u2019investissement et de maintien des infrastructures\u00a0optimis\u00e9es<\/li>\n<li>de voir\u00a0votre informatique\u00a0fiabilis\u00e9e et l\u2019acc\u00e8s aux donn\u00e9es de l\u2019entreprise en 365\/24\/7 adoss\u00e9 \u00e0 un contrat clair<\/li>\n<li>de garder la propri\u00e9t\u00e9 et la mainmise sur vos donn\u00e9es le tout \u00e0 proximit\u00e9, dans notre centre de donn\u00e9es \u00e9co-responsable<\/li>\n<\/ul>\n<p style=\"text-align: justify;\">Vous pouvez donc, d\u00e8s maintenant, vous concentrer sur votre c\u0153ur de m\u00e9tier !<\/p>\n[\/vc_column_text][vc_single_image image=\u00a0\u00bb244&Prime; img_size=\u00a0\u00bb550&#215;225&Prime; alignment=\u00a0\u00bbcenter\u00a0\u00bb][\/vc_column][\/vc_row][mk_page_section bg_color=\u00a0\u00bb#1e73be\u00a0\u00bb top_shape_color=\u00a0\u00bb#1e73be\u00a0\u00bb bottom_shape_color=\u00a0\u00bb#1e73be\u00a0\u00bb sidebar=\u00a0\u00bbsidebar-1&Prime;][vc_column][vc_row_inner][vc_column_inner][mk_fancy_title tag_name=\u00a0\u00bbh1&Prime; color=\u00a0\u00bb#ffffff\u00a0\u00bb size=\u00a0\u00bb40&Prime; force_font_size=\u00a0\u00bbtrue\u00a0\u00bb size_smallscreen=\u00a0\u00bb35&Prime; size_tablet=\u00a0\u00bb30&Prime; size_phone=\u00a0\u00bb30&Prime; font_weight=\u00a0\u00bb400&Prime; margin_top=\u00a0\u00bb20&Prime; font_family=\u00a0\u00bbUbuntu\u00a0\u00bb font_type=\u00a0\u00bbgoogle\u00a0\u00bb align=\u00a0\u00bbcenter\u00a0\u00bb]<span style=\"color: #ffffff;\">L\u2019h\u00e9bergement \u00ab\u00a0Safeo Bretagne \u00bb<\/span>[\/mk_fancy_title][\/vc_column_inner][\/vc_row_inner][vc_row_inner css=\u00a0\u00bb.vc_custom_1515681311267{margin-bottom: 30px !important;}\u00a0\u00bb][vc_column_inner width=\u00a0\u00bb1\/4&Prime;][mk_custom_box corner_radius=\u00a0\u00bb10&Prime; min_height=\u00a0\u00bb352&Prime; bg_color=\u00a0\u00bb#ffffff\u00a0\u00bb][vc_icon icon_fontawesome=\u00a0\u00bbfa fa-thumbs-o-up\u00a0\u00bb color=\u00a0\u00bbcustom\u00a0\u00bb size=\u00a0\u00bbxl\u00a0\u00bb align=\u00a0\u00bbcenter\u00a0\u00bb custom_color=\u00a0\u00bb#1e73be\u00a0\u00bb][mk_fancy_title color=\u00a0\u00bb#1e73be\u00a0\u00bb size=\u00a0\u00bb35&Prime; font_family=\u00a0\u00bbnone\u00a0\u00bb align=\u00a0\u00bbcenter\u00a0\u00bb]<span style=\"color: #1e73be;\"><b>Simplicit\u00e9<\/b><\/span>[\/mk_fancy_title][mk_custom_list style=\u00a0\u00bbmk-icon-ok\u00a0\u00bb]\n<ul>\n<li>Infrastructure sur mesure<\/li>\n<li>Disponibilit\u00e9 de 99.9%<\/li>\n<\/ul>\n[\/mk_custom_list][\/mk_custom_box][\/vc_column_inner][vc_column_inner width=\u00a0\u00bb1\/4&Prime;][mk_custom_box corner_radius=\u00a0\u00bb10&Prime; min_height=\u00a0\u00bb352&Prime; bg_color=\u00a0\u00bb#ffffff\u00a0\u00bb][vc_icon icon_fontawesome=\u00a0\u00bbfa fa-cogs\u00a0\u00bb color=\u00a0\u00bbcustom\u00a0\u00bb size=\u00a0\u00bbxl\u00a0\u00bb align=\u00a0\u00bbcenter\u00a0\u00bb custom_color=\u00a0\u00bb#1e73be\u00a0\u00bb][mk_fancy_title color=\u00a0\u00bb#1e73be\u00a0\u00bb size=\u00a0\u00bb35&Prime; font_family=\u00a0\u00bbnone\u00a0\u00bb align=\u00a0\u00bbcenter\u00a0\u00bb]<span style=\"color: #1e73be;\"><b>Expertise<\/b><\/span>[\/mk_fancy_title][mk_custom_list]\n<ul>\n<li>H\u00e9berg\u00e9 en Bretagne<\/li>\n<li>Datacenter de derni\u00e8re g\u00e9n\u00e9ration<\/li>\n<\/ul>\n[\/mk_custom_list][\/mk_custom_box][\/vc_column_inner][vc_column_inner width=\u00a0\u00bb1\/4&Prime;][mk_custom_box corner_radius=\u00a0\u00bb10&Prime; min_height=\u00a0\u00bb352&Prime; bg_color=\u00a0\u00bb#ffffff\u00a0\u00bb][vc_icon icon_fontawesome=\u00a0\u00bbfa fa-lock\u00a0\u00bb color=\u00a0\u00bbcustom\u00a0\u00bb size=\u00a0\u00bbxl\u00a0\u00bb align=\u00a0\u00bbcenter\u00a0\u00bb custom_color=\u00a0\u00bb#1e73be\u00a0\u00bb][mk_fancy_title color=\u00a0\u00bb#1e73be\u00a0\u00bb size=\u00a0\u00bb35&Prime; font_family=\u00a0\u00bbnone\u00a0\u00bb align=\u00a0\u00bbcenter\u00a0\u00bb]<span style=\"color: #1e73be;\"><b>S\u00e9curit\u00e9<\/b><\/span>[\/mk_fancy_title][mk_custom_list]\n<ul>\n<li>Infrastructure redond\u00e9e<\/li>\n<li>Electricit\u00e9 et connexions redond\u00e9es<\/li>\n<\/ul>\n[\/mk_custom_list][\/mk_custom_box][\/vc_column_inner][vc_column_inner width=\u00a0\u00bb1\/4&Prime;][mk_custom_box corner_radius=\u00a0\u00bb10&Prime; min_height=\u00a0\u00bb352&Prime; bg_color=\u00a0\u00bb#ffffff\u00a0\u00bb][vc_icon icon_fontawesome=\u00a0\u00bbfa fa-users\u00a0\u00bb color=\u00a0\u00bbcustom\u00a0\u00bb size=\u00a0\u00bbxl\u00a0\u00bb align=\u00a0\u00bbcenter\u00a0\u00bb custom_color=\u00a0\u00bb#1e73be\u00a0\u00bb][mk_fancy_title color=\u00a0\u00bb#1e73be\u00a0\u00bb size=\u00a0\u00bb35&Prime; font_family=\u00a0\u00bbnone\u00a0\u00bb align=\u00a0\u00bbcenter\u00a0\u00bb]<span style=\"color: #1e73be;\"><b>Services<\/b><\/span>[\/mk_fancy_title][mk_custom_list]\n<ul>\n<li>MCO 24\/7<\/li>\n<li>PRA \u2013 PCA<\/li>\n<\/ul>\n[\/mk_custom_list][\/mk_custom_box][\/vc_column_inner][\/vc_row_inner][\/vc_column][\/mk_page_section][mk_page_section full_width=\u00a0\u00bbtrue\u00a0\u00bb margin_bottom=\u00a0\u00bb30&Prime; section_id=\u00a0\u00bbdatacenter\u00a0\u00bb sidebar=\u00a0\u00bbsidebar-1&Prime;][vc_column][mk_fancy_title tag_name=\u00a0\u00bbh1&Prime; color=\u00a0\u00bb#1e73be\u00a0\u00bb size=\u00a0\u00bb50&Prime; force_font_size=\u00a0\u00bbtrue\u00a0\u00bb size_smallscreen=\u00a0\u00bb35&Prime; size_tablet=\u00a0\u00bb30&Prime; size_phone=\u00a0\u00bb30&Prime; font_weight=\u00a0\u00bb400&Prime; margin_top=\u00a0\u00bb20&Prime; font_family=\u00a0\u00bbUbuntu\u00a0\u00bb font_type=\u00a0\u00bbgoogle\u00a0\u00bb align=\u00a0\u00bbcenter\u00a0\u00bb]<span style=\"color: #1e73be;\">Le Datacenter<\/span>[\/mk_fancy_title][vc_single_image image=\u00a0\u00bb256&Prime; img_size=\u00a0\u00bblarge\u00a0\u00bb alignment=\u00a0\u00bbcenter\u00a0\u00bb style=\u00a0\u00bbvc_box_rounded\u00a0\u00bb][mk_padding_divider size=\u00a0\u00bb30&Prime;][mk_advanced_gmaps latitude=\u00a0\u00bb48.116500012843446&Prime; longitude=\u00a0\u00bb-1.675573693210168&Prime; address=\u00a0\u00bbDatacentre\u00a0\u00bb content_bg_color=\u00a0\u00bb#ffffff\u00a0\u00bb content_font_color=\u00a0\u00bb#000000&Prime; height=\u00a0\u00bb500&Prime; map_zoom=\u00a0\u00bb8&Prime; pan_control=\u00a0\u00bbfalse\u00a0\u00bb draggable=\u00a0\u00bbfalse\u00a0\u00bb map_type_control=\u00a0\u00bbfalse\u00a0\u00bb scale_control=\u00a0\u00bbfalse\u00a0\u00bb modify_json=\u00a0\u00bbtrue\u00a0\u00bb map_json=\u00a0\u00bbJTVCJTBBJTIwJTIwJTIwJTIwJTdCJTBBJTIwJTIwJTIwJTIwJTIwJTIwJTIwJTIwJTIyZmVhdHVyZVR5cGUlMjIlM0ElMjAlMjJhbGwlMjIlMkMlMEElMjAlMjAlMjAlMjAlMjAlMjAlMjAlMjAlMjJlbGVtZW50VHlwZSUyMiUzQSUyMCUyMmFsbCUyMiUyQyUwQSUyMCUyMCUyMCUyMCUyMCUyMCUyMCUyMCUyMnN0eWxlcnMlMjIlM0ElMjAlNUIlMEElMjAlMjAlMjAlMjAlMjAlMjAlMjAlMjAlMjAlMjAlMjAlMjAlN0IlMEElMjAlMjAlMjAlMjAlMjAlMjAlMjAlMjAlMjAlMjAlMjAlMjAlMjAlMjAlMjAlMjAlMjJzYXR1cmF0aW9uJTIyJTNBJTIwJTIyMzIlMjIlMEElMjAlMjAlMjAlMjAlMjAlMjAlMjAlMjAlMjAlMjAlMjAlMjAlN0QlMkMlMEElMjAlMjAlMjAlMjAlMjAlMjAlMjAlMjAlMjAlMjAlMjAlMjAlN0IlMEElMjAlMjAlMjAlMjAlMjAlMjAlMjAlMjAlMjAlMjAlMjAlMjAlMjAlMjAlMjAlMjAlMjJsaWdodG5lc3MlMjIlM0ElMjAlMjItMyUyMiUwQSUyMCUyMCUyMCUyMCUyMCUyMCUyMCUyMCUyMCUyMCUyMCUyMCU3RCUyQyUwQSUyMCUyMCUyMCUyMCUyMCUyMCUyMCUyMCUyMCUyMCUyMCUyMCU3QiUwQSUyMCUyMCUyMCUyMCUyMCUyMCUyMCUyMCUyMCUyMCUyMCUyMCUyMCUyMCUyMCUyMCUyMnZpc2liaWxpdHklMjIlM0ElMjAlMjJvbiUyMiUwQSUyMCUyMCUyMCUyMCUyMCUyMCUyMCUyMCUyMCUyMCUyMCUyMCU3RCUyQyUwQSUyMCUyMCUyMCUyMCUyMCUyMCUyMCUyMCUyMCUyMCUyMCUyMCU3QiUwQSUyMCUyMCUyMCUyMCUyMCUyMCUyMCUyMCUyMCUyMCUyMCUyMCUyMCUyMCUyMCUyMCUyMndlaWdodCUyMiUzQSUyMCUyMjEuMTglMjIlMEElMjAlMjAlMjAlMjAlMjAlMjAlMjAlMjAlMjAlMjAlMjAlMjAlN0QlMEElMjAlMjAlMjAlMjAlMjAlMjAlMjAlMjAlNUQlMEElMjAlMjAlMjAlMjAlN0QlMkMlMEElMjAlMjAlMjAlMjAlN0IlMEElMjAlMjAlMjAlMjAlMjAlMjAlMjAlMjAlMjJmZWF0dXJlVHlwZSUyMiUzQSUyMCUyMmFkbWluaXN0cmF0aXZlJTIyJTJDJTBBJTIwJTIwJTIwJTIwJTIwJTIwJTIwJTIwJTIyZWxlbWVudFR5cGUlMjIlM0ElMjAlMjJsYWJlbHMlMjIlMkMlMEElMjAlMjAlMjAlMjAlMjAlMjAlMjAlMjAlMjJzdHlsZXJzJTIyJTNBJTIwJTVCJTBBJTIwJTIwJTIwJTIwJTIwJTIwJTIwJTIwJTIwJTIwJTIwJTIwJTdCJTBBJTIwJTIwJTIwJTIwJTIwJTIwJTIwJTIwJTIwJTIwJTIwJTIwJTIwJTIwJTIwJTIwJTIydmlzaWJpbGl0eSUyMiUzQSUyMCUyMm9mZiUyMiUwQSUyMCUyMCUyMCUyMCUyMCUyMCUyMCUyMCUyMCUyMCUyMCUyMCU3RCUwQSUyMCUyMCUyMCUyMCUyMCUyMCUyMCUyMCU1RCUwQSUyMCUyMCUyMCUyMCU3RCUyQyUwQSUyMCUyMCUyMCUyMCU3QiUwQSUyMCUyMCUyMCUyMCUyMCUyMCUyMCUyMCUyMmZlYXR1cmVUeXBlJTIyJTNBJTIwJTIybGFuZHNjYXBlJTIyJTJDJTBBJTIwJTIwJTIwJTIwJTIwJTIwJTIwJTIwJTIyZWxlbWVudFR5cGUlMjIlM0ElMjAlMjJsYWJlbHMlMjIlMkMlMEElMjAlMjAlMjAlMjAlMjAlMjAlMjAlMjAlMjJzdHlsZXJzJTIyJTNBJTIwJTVCJTBBJTIwJTIwJTIwJTIwJTIwJTIwJTIwJTIwJTIwJTIwJTIwJTIwJTdCJTBBJTIwJTIwJTIwJTIwJTIwJTIwJTIwJTIwJTIwJTIwJTIwJTIwJTIwJTIwJTIwJTIwJTIydmlzaWJpbGl0eSUyMiUzQSUyMCUyMm9mZiUyMiUwQSUyMCUyMCUyMCUyMCUyMCUyMCUyMCUyMCUyMCUyMCUyMCUyMCU3RCUwQSUyMCUyMCUyMCUyMCUyMCUyMCUyMCUyMCU1RCUwQSUyMCUyMCUyMCUyMCU3RCUyQyUwQSUyMCUyMCUyMCUyMCU3QiUwQSUyMCUyMCUyMCUyMCUyMCUyMCUyMCUyMCUyMmZlYXR1cmVUeXBlJTIyJTNBJTIwJTIybGFuZHNjYXBlLm1hbl9tYWRlJTIyJTJDJTBBJTIwJTIwJTIwJTIwJTIwJTIwJTIwJTIwJTIyZWxlbWVudFR5cGUlMjIlM0ElMjAlMjJhbGwlMjIlMkMlMEElMjAlMjAlMjAlMjAlMjAlMjAlMjAlMjAlMjJzdHlsZXJzJTIyJTNBJTIwJTVCJTBBJTIwJTIwJTIwJTIwJTIwJTIwJTIwJTIwJTIwJTIwJTIwJTIwJTdCJTBBJTIwJTIwJTIwJTIwJTIwJTIwJTIwJTIwJTIwJTIwJTIwJTIwJTIwJTIwJTIwJTIwJTIyc2F0dXJhdGlvbiUyMiUzQSUyMCUyMi03MCUyMiUwQSUyMCUyMCUyMCUyMCUyMCUyMCUyMCUyMCUyMCUyMCUyMCUyMCU3RCUyQyUwQSUyMCUyMCUyMCUyMCUyMCUyMCUyMCUyMCUyMCUyMCUyMCUyMCU3QiUwQSUyMCUyMCUyMCUyMCUyMCUyMCUyMCUyMCUyMCUyMCUyMCUyMCUyMCUyMCUyMCUyMCUyMmxpZ2h0bmVzcyUyMiUzQSUyMCUyMjE0JTIyJTBBJTIwJTIwJTIwJTIwJTIwJTIwJTIwJTIwJTIwJTIwJTIwJTIwJTdEJTBBJTIwJTIwJTIwJTIwJTIwJTIwJTIwJTIwJTVEJTBBJTIwJTIwJTIwJTIwJTdEJTJDJTBBJTIwJTIwJTIwJTIwJTdCJTBBJTIwJTIwJTIwJTIwJTIwJTIwJTIwJTIwJTIyZmVhdHVyZVR5cGUlMjIlM0ElMjAlMjJwb2klMjIlMkMlMEElMjAlMjAlMjAlMjAlMjAlMjAlMjAlMjAlMjJlbGVtZW50VHlwZSUyMiUzQSUyMCUyMmxhYmVscyUyMiUyQyUwQSUyMCUyMCUyMCUyMCUyMCUyMCUyMCUyMCUyMnN0eWxlcnMlMjIlM0ElMjAlNUIlMEElMjAlMjAlMjAlMjAlMjAlMjAlMjAlMjAlMjAlMjAlMjAlMjAlN0IlMEElMjAlMjAlMjAlMjAlMjAlMjAlMjAlMjAlMjAlMjAlMjAlMjAlMjAlMjAlMjAlMjAlMjJ2aXNpYmlsaXR5JTIyJTNBJTIwJTIyb2ZmJTIyJTBBJTIwJTIwJTIwJTIwJTIwJTIwJTIwJTIwJTIwJTIwJTIwJTIwJTdEJTBBJTIwJTIwJTIwJTIwJTIwJTIwJTIwJTIwJTVEJTBBJTIwJTIwJTIwJTIwJTdEJTJDJTBBJTIwJTIwJTIwJTIwJTdCJTBBJTIwJTIwJTIwJTIwJTIwJTIwJTIwJTIwJTIyZmVhdHVyZVR5cGUlMjIlM0ElMjAlMjJyb2FkJTIyJTJDJTBBJTIwJTIwJTIwJTIwJTIwJTIwJTIwJTIwJTIyZWxlbWVudFR5cGUlMjIlM0ElMjAlMjJsYWJlbHMlMjIlMkMlMEElMjAlMjAlMjAlMjAlMjAlMjAlMjAlMjAlMjJzdHlsZXJzJTIyJTNBJTIwJTVCJTBBJTIwJTIwJTIwJTIwJTIwJTIwJTIwJTIwJTIwJTIwJTIwJTIwJTdCJTBBJTIwJTIwJTIwJTIwJTIwJTIwJTIwJTIwJTIwJTIwJTIwJTIwJTIwJTIwJTIwJTIwJTIydmlzaWJpbGl0eSUyMiUzQSUyMCUyMm9mZiUyMiUwQSUyMCUyMCUyMCUyMCUyMCUyMCUyMCUyMCUyMCUyMCUyMCUyMCU3RCUwQSUyMCUyMCUyMCUyMCUyMCUyMCUyMCUyMCU1RCUwQSUyMCUyMCUyMCUyMCU3RCUyQyUwQSUyMCUyMCUyMCUyMCU3QiUwQSUyMCUyMCUyMCUyMCUyMCUyMCUyMCUyMCUyMmZlYXR1cmVUeXBlJTIyJTNBJTIwJTIydHJhbnNpdCUyMiUyQyUwQSUyMCUyMCUyMCUyMCUyMCUyMCUyMCUyMCUyMmVsZW1lbnRUeXBlJTIyJTNBJTIwJTIybGFiZWxzJTIyJTJDJTBBJTIwJTIwJTIwJTIwJTIwJTIwJTIwJTIwJTIyc3R5bGVycyUyMiUzQSUyMCU1QiUwQSUyMCUyMCUyMCUyMCUyMCUyMCUyMCUyMCUyMCUyMCUyMCUyMCU3QiUwQSUyMCUyMCUyMCUyMCUyMCUyMCUyMCUyMCUyMCUyMCUyMCUyMCUyMCUyMCUyMCUyMCUyMnZpc2liaWxpdHklMjIlM0ElMjAlMjJvZmYlMjIlMEElMjAlMjAlMjAlMjAlMjAlMjAlMjAlMjAlMjAlMjAlMjAlMjAlN0QlMEElMjAlMjAlMjAlMjAlMjAlMjAlMjAlMjAlNUQlMEElMjAlMjAlMjAlMjAlN0QlMkMlMEElMjAlMjAlMjAlMjAlN0IlMEElMjAlMjAlMjAlMjAlMjAlMjAlMjAlMjAlMjJmZWF0dXJlVHlwZSUyMiUzQSUyMCUyMndhdGVyJTIyJTJDJTBBJTIwJTIwJTIwJTIwJTIwJTIwJTIwJTIwJTIyZWxlbWVudFR5cGUlMjIlM0ElMjAlMjJhbGwlMjIlMkMlMEElMjAlMjAlMjAlMjAlMjAlMjAlMjAlMjAlMjJzdHlsZXJzJTIyJTNBJTIwJTVCJTBBJTIwJTIwJTIwJTIwJTIwJTIwJTIwJTIwJTIwJTIwJTIwJTIwJTdCJTBBJTIwJTIwJTIwJTIwJTIwJTIwJTIwJTIwJTIwJTIwJTIwJTIwJTIwJTIwJTIwJTIwJTIwJTIyY29sb3IlMjIlM0ElMjAlMjIlMjMxZTczYmUlMjIlMEElMjAlMjAlMjAlMjAlMjAlMjAlMjAlMjAlMjAlMjAlMjAlMjAlN0QlMEElMjAlMjAlMjAlMjAlMjAlMjAlMjAlMjAlNUQlMEElMjAlMjAlMjAlMjAlN0QlMkMlMEElMjAlMjAlMjAlMjAlN0IlMEElMjAlMjAlMjAlMjAlMjAlMjAlMjAlMjAlMjJmZWF0dXJlVHlwZSUyMiUzQSUyMCUyMndhdGVyJTIyJTJDJTBBJTIwJTIwJTIwJTIwJTIwJTIwJTIwJTIwJTIyZWxlbWVudFR5cGUlMjIlM0ElMjAlMjJsYWJlbHMlMjIlMkMlMEElMjAlMjAlMjAlMjAlMjAlMjAlMjAlMjAlMjJzdHlsZXJzJTIyJTNBJTIwJTVCJTBBJTIwJTIwJTIwJTIwJTIwJTIwJTIwJTIwJTIwJTIwJTIwJTIwJTdCJTBBJTIwJTIwJTIwJTIwJTIwJTIwJTIwJTIwJTIwJTIwJTIwJTIwJTIwJTIwJTIwJTIwJTIydmlzaWJpbGl0eSUyMiUzQSUyMCUyMm9mZiUyMiUwQSUyMCUyMCUyMCUyMCUyMCUyMCUyMCUyMCUyMCUyMCUyMCUyMCU3RCUyQyUwQSUyMCUyMCUyMCUyMCUyMCUyMCUyMCUyMCUyMCUyMCUyMCUyMCU3QiUwQSUyMCUyMCUyMCUyMCUyMCUyMCUyMCUyMCUyMCUyMCUyMCUyMCUyMCUyMCUyMCUyMCUyMmxpZ2h0bmVzcyUyMiUzQSUyMCUyMjEyJTIyJTBBJTIwJTIwJTIwJTIwJTIwJTIwJTIwJTIwJTIwJTIwJTIwJTIwJTdEJTBBJTIwJTIwJTIwJTIwJTIwJTIwJTIwJTIwJTVEJTBBJTIwJTIwJTIwJTIwJTdEJTBBJTVE\u00a0\u00bb][\/vc_column][\/mk_page_section][vc_row id=\u00a0\u00bbcontact\u00a0\u00bb][vc_column][vc_icon icon_fontawesome=\u00a0\u00bbfa fa-server\u00a0\u00bb color=\u00a0\u00bbcustom\u00a0\u00bb size=\u00a0\u00bbxl\u00a0\u00bb align=\u00a0\u00bbcenter\u00a0\u00bb custom_color=\u00a0\u00bb#1e73be\u00a0\u00bb][mk_fancy_title tag_name=\u00a0\u00bbh1&Prime; color=\u00a0\u00bb#1e73be\u00a0\u00bb size=\u00a0\u00bb40&Prime; force_font_size=\u00a0\u00bbtrue\u00a0\u00bb size_smallscreen=\u00a0\u00bb35&Prime; size_tablet=\u00a0\u00bb30&Prime; size_phone=\u00a0\u00bb30&Prime; font_weight=\u00a0\u00bb400&Prime; margin_top=\u00a0\u00bb20&Prime; font_family=\u00a0\u00bbUbuntu\u00a0\u00bb font_type=\u00a0\u00bbgoogle\u00a0\u00bb align=\u00a0\u00bbcenter\u00a0\u00bb]<span style=\"color: #1e73be;\">Contactez-nous pour plus d&rsquo;informations<\/span>[\/mk_fancy_title][mk_contact_form style=\u00a0\u00bbcorporate\u00a0\u00bb button_text=\u00a0\u00bbEnvoyer\u00a0\u00bb font_color=\u00a0\u00bb#1e73be\u00a0\u00bb button_color=\u00a0\u00bb#1e73be\u00a0\u00bb email=\u00a0\u00bbcontact@breizhcloud.fr\u00a0\u00bb phone=\u00a0\u00bbtrue\u00a0\u00bb gdpr_consent_text=\u00a0\u00bbEn soumettant ce formulaire, j\u2019accepte que les donn\u00e9es ci-dessus soient exploit\u00e9es dans le cadre d\u2019une mise en relation avec la soci\u00e9t\u00e9 SAFEO et de la relation commerciale qui pourrait en d\u00e9couler.\u00a0\u00bb][\/vc_column][\/vc_row][mk_page_section min_height=\u00a0\u00bb80&Prime; padding_top=\u00a0\u00bb0&Prime; padding_bottom=\u00a0\u00bb0&Prime; bottom_shape_style=\u00a0\u00bbjagged-rounded-bottom\u00a0\u00bb bottom_shape_color=\u00a0\u00bb#1e73be\u00a0\u00bb sidebar=\u00a0\u00bbsidebar-1&Prime;][vc_column][\/vc_column][\/mk_page_section]\n<\/div>","protected":false},"excerpt":{"rendered":"<p>[mk_page_section bg_image=\u00a0\u00bbhttp:\/\/www.breizhcloud.fr\/wp-content\/uploads\/2018\/01\/bretagne_phare.jpg\u00a0\u00bb blend_mode=\u00a0\u00bbscreen\u00a0\u00bb bg_position=\u00a0\u00bbcenter center\u00a0\u00bb bg_repeat=\u00a0\u00bbno-repeat\u00a0\u00bb bg_stretch=\u00a0\u00bbtrue\u00a0\u00bb adaptive_height=\u00a0\u00bbtrue\u00a0\u00bb overflow=\u00a0\u00bbtrue\u00a0\u00bb max_height=\u00a0\u00bb400&Prime; min_height=\u00a0\u00bb60&Prime; full_width=\u00a0\u00bbtrue\u00a0\u00bb has_top_shape_divider=\u00a0\u00bbtrue\u00a0\u00bb top_shape_style=\u00a0\u00bbcurve-top\u00a0\u00bb top_shape_color=\u00a0\u00bb\u00a0\u00bb bottom_shape_style=\u00a0\u00bbjagged-rounded-bottom\u00a0\u00bb bottom_shape_color=\u00a0\u00bb#1e73be\u00a0\u00bb sidebar=\u00a0\u00bbsidebar-1&Prime;][vc_column][\/vc_column][\/mk_page_section][vc_row id=\u00a0\u00bboffre\u00a0\u00bb][vc_column][mk_fancy_title tag_name=\u00a0\u00bbh1&Prime; color=\u00a0\u00bb#1e73be\u00a0\u00bb size=\u00a0\u00bb45&Prime; force_font_size=\u00a0\u00bbtrue\u00a0\u00bb size_smallscreen=\u00a0\u00bb40&Prime; size_tablet=\u00a0\u00bb30&Prime; size_phone=\u00a0\u00bb30&Prime; font_weight=\u00a0\u00bb400&Prime; margin_top=\u00a0\u00bb20&Prime; font_family=\u00a0\u00bbUbuntu\u00a0\u00bb font_type=\u00a0\u00bbgoogle\u00a0\u00bb align=\u00a0\u00bbcenter\u00a0\u00bb]Votre h\u00e9bergement s\u00e9curis\u00e9 en Bretagne[\/mk_fancy_title][vc_column_text css=\u00a0\u00bb.vc_custom_1752377456632{margin-bottom: 0px !important;}\u00a0\u00bb] Safeo Bretagne propose un service d&rsquo;h\u00e9bergement de donn\u00e9es. Il met \u00e0 disposition ses infrastructures compl\u00e8tes et hautement [&hellip;]<\/p>\n","protected":false},"author":1,"featured_media":0,"parent":0,"menu_order":0,"comment_status":"closed","ping_status":"open","template":"","meta":{"_monsterinsights_skip_tracking":false,"_monsterinsights_sitenote_active":false,"_monsterinsights_sitenote_note":"","_monsterinsights_sitenote_category":0,"footnotes":""},"class_list":["post-2","page","type-page","status-publish","hentry"],"_links":{"self":[{"href":"https:\/\/safeo-bretagne.fr\/index.php\/wp-json\/wp\/v2\/pages\/2","targetHints":{"allow":["GET"]}}],"collection":[{"href":"https:\/\/safeo-bretagne.fr\/index.php\/wp-json\/wp\/v2\/pages"}],"about":[{"href":"https:\/\/safeo-bretagne.fr\/index.php\/wp-json\/wp\/v2\/types\/page"}],"author":[{"embeddable":true,"href":"https:\/\/safeo-bretagne.fr\/index.php\/wp-json\/wp\/v2\/users\/1"}],"replies":[{"embeddable":true,"href":"https:\/\/safeo-bretagne.fr\/index.php\/wp-json\/wp\/v2\/comments?post=2"}],"version-history":[{"count":182,"href":"https:\/\/safeo-bretagne.fr\/index.php\/wp-json\/wp\/v2\/pages\/2\/revisions"}],"predecessor-version":[{"id":313,"href":"https:\/\/safeo-bretagne.fr\/index.php\/wp-json\/wp\/v2\/pages\/2\/revisions\/313"}],"wp:attachment":[{"href":"https:\/\/safeo-bretagne.fr\/index.php\/wp-json\/wp\/v2\/media?parent=2"}],"curies":[{"name":"wp","href":"https:\/\/api.w.org\/{rel}","templated":true}]}}